 + 3*r + 1. Let w be x(3). Let k be (-8)/3*(w + 2). List the prime factors of y(k).
5, 7
Let c(z) be the third derivative of -z**5/60 - z**4/4 + z**3/2 + 2*z**2. Suppose -4*i - 3*i = 35. What are the prime factors of c(i)?
2
Let p = 12 - -13. Let o be (10*-2)/(12/36 + -1). Suppose -o*h = -p*h - 200. List the prime factors of h.
2, 5
Let w = -454 - -790. What are the prime factors of w?
2, 3, 7
Let p be -10*(-2)/(-6)*12/(-8). What are the prime factors of p*19 - (1 + 2 + -6)?
2, 7
Let h(d) be the second derivative of 22*d**3/3 - 3*d**2/2 + 3*d. What are the prime factors of h(1)?
41
Let v(s) = -7*s - s**2 + 3*s + 0 + 9 - s. Let x be v(-6). What are the prime factors of -1 + 2 - (x - 9)?
7
Let j(p) = p**2 - 14*p - 20. Let u be j(16). Suppose 23*f = 19*f + u. Let i(z) = z**2 + z - 3. What are the prime factors of i(f)?
3
Let y be -2 - (-3 - 4) - 2. Suppose 0 = -y*w - 0*w + 78. What are the prime factors of w/5*(2 + 3)?
2, 13
Suppose 1 - 8 = v. Let f = v + -4. List the prime factors of 2/f - (-3168)/121.
2, 13
Let v = 858 + -156. Suppose -l - v = -5*p + l, 2*p - 4*l = 284. What are the prime factors of p?
2, 5, 7
Let x = 15 + -23. Suppose m - 2*g + 7*g = 18, 5*m - 18 = -g. List the prime factors of (6/x)/(m/(-180)).
3, 5
Suppose 3*a - 504 = -5*m, 0 = m - 0*a - 4*a - 87. Let x = m + -38. List the prime factors of x.
61
Suppose 2*c + 5*u - 522 = u, -5*c - 4*u + 1287 = 0. Suppose 3*r + 75 = c. Suppose -17 = s - r. List the prime factors of s.
43
Suppose -30 = y + 9. Let j = 7 - y. List the prime factors of j.
2, 23
Let r be ((-4)/(-12))/((-6)/(-18)). List the prime factors of 5/4 - r - 381/(-12).
2
Suppose v - 5 = -3. Let r(z) = -v*z - 2 + 0 + 1 + z**2. List the prime factors of r(-2).
7
Let l be 21/(9/(-6) - -3). Let r be (34/(-8))/((-3)/12). Suppose -5*j = 4*c - 34, -j = 3*c - l - r. What are the prime factors of c?
11
Let z = 39 - 34. List the prime factors of (-1)/z + 122/10.
2, 3
Let g = 1 + 0. Let r be (-38)/(-4) - g/(-2). Suppose -9*n = -r*n + 37. List the prime factors of n.
37
Let f(i) be the first derivative of 25*i**3/3 - i**2/2 + 2*i - 20. Suppose -4*w + 5 = w. List the prime factors of f(w).
2, 13
Let i(q) = 9*q**2 - 14*q. Suppose -3*w - 20 = -5. List the prime factors of i(w).
5, 59
Suppose -71*a + 139724 = -45*a. What are the prime factors of a?
2, 2687
Suppose 4*w - 23 = -3*f + 4, 2*w = 3*f + 9. Let a(o) = o**2 - 5*o - 4. What are the prime factors of a(w)?
2
Let d(b) be the first derivative of b**2 + 10*b - 2. Let y be d(0). Let v = y - -23. What are the prime factors of v?
3, 11
Suppose -4867 = -5*s + 2713. List the prime factors of s.
2, 379
Let o be -2*2/(-8)*4822. Suppose -3*p = -v + 6*v - o, 478 = v + 2*p. What are the prime factors of v/28 + (-2)/7?
17
Suppose 26*c - 1018 - 16064 = 0. What are the prime factors of c?
3, 73
Suppose -3 + 12 = 3*o, 4*d + 3*o = 29. Suppose 2*f - v + 3*v - 128 = 0, 93 = 2*f - d*v. Suppose f = -3*j + 155. List the prime factors of j.
2
Suppose -2*s - 7 = -4*h - 3*s, -5*s = -h + 28. Suppose h*t = 122 - 32. What are the prime factors of t?
2, 3, 5
Suppose 9 = 2*j - 1. Suppose -4*h + 2*y = -794, -j*h + 3*y = -0*h - 992. What are the prime factors of h?
199
Suppose -1453*b = -1456*b + 2343. What are the prime factors of b?
11, 71
Let g(l) be the second derivative of l**3 + 5*l**2/2 - 4*l. Suppose a = 2*d - 12, -4*d + 9*d + 3*a = 8. List the prime factors of g(d).
29
Suppose 0*g = 4*g - 3*s + 199, 4 = 4*s. Let y = 76 + g. What are the prime factors of y?
3
Let x be (30/9)/1*18/12. Suppose x*q = 20, 2*n + 2*q = -2*n + 736. What are the prime factors of n?
2, 7, 13
Let f = 90 + -153. Let y = 5 - f. What are the prime factors of y?
2, 17
Let m be ((-10)/15)/((-2)/9). Suppose -2*p = -m*p + 16. Suppose -5*z + 3*z = 3*r - 12, 0 = -2*z - 5*r + p. List the prime factors of z.
3
Suppose -2*a - 4 = 2*a. Let v(t) be the first derivative of 2*t**3/3 - t**2/2 - t - 32. List the prime factors of v(a).
2
Let r(u) = 101*u**2 + 2*u + 1. Let n be r(2). Let b = n - 230. What are the prime factors of b?
179
List the prime factors of ((-74)/(-8))/((-9)/(-432)).
2, 3, 37
Let p be 3/2 + 15/(-10). Let a(k) = 5 - k - k**3 + p*k**2 + 5*k - 4*k**2. List the prime factors of a(-5).
2, 5
Suppose 3*o - 4558 = -958. What are the prime factors of o?
2, 3, 5
Let i be 20/30 + ((-7730)/(-6) - 1). Suppose 20*b - 27*b + i = 0. What are the prime factors of b?
2, 23
Suppose 1433 = 2*h - 2387. What are the prime factors of h?
2, 5, 191
Let g(o) = o - 3. Let s be g(-7). Let c = 38 - s. Let x = c + -14. What are the prime factors of x?
2, 17
Let n(l) be the first derivative of -l**4/4 - 5*l**3/3 - 6*l - 5. List the prime factors of n(-6).
2, 3, 5
Let r = -28 - -13. Let t be 80/12*r/(-10). List the prime factors of 46/(-5)*t/(-4).
23
Let f(a) = 3*a**2 + 12*a + 5. Suppose -6*p = -p - 40. Suppose t + t + 5*d = -32, p = -4*t + 4*d. What are the prime factors of f(t)?
41
What are the prime factors of (-40)/((-15)/(525/2))?
2, 5, 7
Let d(o) be the first derivative of 0*o + 2*o**2 + 2*o + o + 11. What are the prime factors of d(7)?
31
Let u be -1*(1 - 0/(-2)). Let z = -5 - u. What are the prime factors of (z/3)/(2/(-21))?
2, 7
Let a(w) = -18*w**2 + 11*w**2 + 23*w**2 - 1. List the prime factors of a(1).
3, 5
Suppose -3*w = 5*w + w. Suppose 3*u = -2*y + 107 + 67, -4*u + 4*y + 252 = w. List the prime factors of u.
2, 3, 5
List the prime factors of (-5 - (-993)/6)*16/12.
2, 107
Let w = 29 - 23. Suppose w*o = 4*o + 36. Let n = o + -4. What are the prime factors of n?
2, 7
Let z(m) = m**2 + 2*m - 5. Let b be z(-4). Let u = 1 + b. Suppose g = -u*g + 20. What are the prime factors of g?
2
Suppose -4*a - 127 + 947 = 3*l, 3*a + 4*l = 622. What are the prime factors of a?
2, 101
Let g be 4 + (-10)/((-10)/2). Let h(o) = 10*o - 4. What are the prime factors of h(g)?
2, 7
Let l be ((-22)/6)/(1/(-6)). Let z = -6 + 11. Suppose -4*a - z*f + l = -0*a, 0 = -4*f - 8. What are the prime factors of a?
2
Suppose 0 = 4*p - 19 - 9. Suppose -2*j + p*j - 3*v - 19 = 0, -4*j + 2 = 2*v. Suppose j*f + 3 - 23 = 0. List the prime factors of f.
2, 5
Suppose 2 = 2*s, -5*v + 2*s + 14 = 6*s. Let b(p) = 10*p - 13*p - v - 2. What are the prime factors of b(-2)?
2
Let w = -16 - -91. Suppose -1 = -5*b - 56. Let d = w + b. What are the prime factors of d?
2
Suppose 4 = 2*n, -3*a + 5*a - 5*n = -2. Suppose -f + 23 = -5*s + a*s, -f - 5*s = 1. List the prime factors of f.
19
Let s = 5 - 0. Let m = s + 50. Let g = -25 + m. What are the prime factors of g?
2, 3, 5
Suppose x - 4421 = 5*h, 0*x + 2*x - 877 = h. Let z = -631 - h. List the prime factors of z.
2, 127
Suppose 2*r + 41 = 49. Suppose -2*i - 172 = -6*i + 5*w, -r*i - 5*w + 132 = 0. What are the prime factors of i?
2, 19
Suppose -v + 3*v - 3*m = 1131, -m = v - 578. Suppose -3*b - 141 = -v. What are the prime factors of b?
2, 3
Suppose 16*m - 310 = 11*m. Suppose 4*j = v + m + 198, 0 = 5*j - v - 324. List the prime factors of j.
2
Suppose 2*z + 281 = 4*q - 1859, -q + 521 = 3*z. What are the prime factors of q?
13, 41
Let j be 10/(-4) + 2 + (-116)/(-8). What are the prime factors of j/35 + (-386)/(-10)?
3, 13
Suppose -3*z + 2*q + 308 = 0, 2*z + q + 2*q - 201 = 0. Let d(j) = j**3 + j**2 + 5*j + 3. Let x be d(-4). Let u = x + z. What are the prime factors of u?
37
List the prime factors of 280/(-6)*5400/(-315).
2, 5
What are the prime factors of (-7)/((-1912)/952 + 2)?
7, 17
Let u(g) = g**2 + 17*g + 9. Let n be u(-16). Let v be (2 + -4)/2 - n. Suppose 257 = v*j + 95. List the prime factors of j.
3
Let y be ((2 - 4) + -4)*106/3. Let z = -66 - y. List the prime factors of z.
2, 73
Let m(o) = -3 - 1 - 1 + 3 - o. Let g be m(-4). Suppose -96 = -6*q + g*q. List the prime factors of q.
2, 3
Suppose 2*n = 4*d - 3 + 5, -4*d = -n + 1. Suppose 5*w + 5*a - 885 = d, -w - 3*a = -38 - 147. List the prime factors of w.
173
Let w be (4 + -7)/(-1) + -3. Suppose -29*g + 34*g = w. Suppose 7*z + 3 - 157 = g. List the prime factors of z.
2, 11
Let a(n) be the first derivative of -7/2*n**2 + 9*n + 6 - 1/4*n**4 + 7/3*n**3. List the prime factors of a(6).
3
Suppose -1340 = -0*l - 2*l - 4*r, 2*r = 2*l - 1364. Suppose 2*t - 5*i = l, -t + 38 = 4*i - 275. List the prime factors of t.
7, 47
Let w = -53 + 13. What are the prime factors of 41/5 - 32/w?
3
Let d be -10*(-5)/(10